{"id":1216,"date":"2023-03-28T11:50:26","date_gmt":"2023-03-28T11:50:26","guid":{"rendered":"https:\/\/www.mariostransport.sk\/?page_id=1216"},"modified":"2023-06-06T20:29:28","modified_gmt":"2023-06-06T20:29:28","slug":"o-nas","status":"publish","type":"page","link":"https:\/\/www.mariostransport.sk\/?page_id=1216","title":{"rendered":"O N\u00c1S"},"content":{"rendered":"\t\t<div data-elementor-type=\"wp-page\" data-elementor-id=\"1216\" class=\"elementor elementor-1216\">\n\t\t\t\t\t\t\t\t\t<section class=\"elementor-section elementor-top-section elementor-element elementor-element-ae914bf elementor-section-boxed elementor-section-height-default elementor-section-height-default\" data-id=\"ae914bf\" data-element_type=\"section\">\n\t\t\t\t\t\t<div class=\"elementor-container elementor-column-gap-default\">\n\t\t\t\t\t<div class=\"elementor-column elementor-col-100 elementor-top-column elementor-element elementor-element-7b5d39e\" data-id=\"7b5d39e\" data-element_type=\"column\">\n\t\t\t<div class=\"elementor-widget-wrap elementor-element-populated\">\n\t\t\t\t\t\t\t\t<div class=\"elementor-element elementor-element-1324ebb elementor-widget elementor-widget-heading\" data-id=\"1324ebb\" data-element_type=\"widget\" data-settings=\"{&quot;_animation&quot;:&quot;none&quot;}\" data-widget_type=\"heading.default\">\n\t\t\t\t<div class=\"elementor-widget-container\">\n\t\t\t<style>\/*! elementor - v3.11.5 - 14-03-2023 *\/\n.elementor-heading-title{padding:0;margin:0;line-height:1}.elementor-widget-heading .elementor-heading-title[class*=elementor-size-]>a{color:inherit;font-size:inherit;line-height:inherit}.elementor-widget-heading .elementor-heading-title.elementor-size-small{font-size:15px}.elementor-widget-heading .elementor-heading-title.elementor-size-medium{font-size:19px}.elementor-widget-heading .elementor-heading-title.elementor-size-large{font-size:29px}.elementor-widget-heading .elementor-heading-title.elementor-size-xl{font-size:39px}.elementor-widget-heading .elementor-heading-title.elementor-size-xxl{font-size:59px}<\/style><h2 class=\"elementor-heading-title elementor-size-default\">O N\u00c1S<\/h2>\t\t<\/div>\n\t\t\t\t<\/div>\n\t\t\t\t\t<\/div>\n\t\t<\/div>\n\t\t\t\t\t\t\t<\/div>\n\t\t<\/section>\n\t\t\t\t<section class=\"elementor-section elementor-top-section elementor-element elementor-element-d15964e elementor-section-boxed elementor-section-height-default elementor-section-height-default\" data-id=\"d15964e\" data-element_type=\"section\">\n\t\t\t\t\t\t<div class=\"elementor-container elementor-column-gap-default\">\n\t\t\t\t\t<div class=\"elementor-column elementor-col-100 elementor-top-column elementor-element elementor-element-529d2bf\" data-id=\"529d2bf\" data-element_type=\"column\">\n\t\t\t<div class=\"elementor-widget-wrap elementor-element-populated\">\n\t\t\t\t\t\t\t\t<div class=\"elementor-element elementor-element-c9cb4b5 elementor-widget elementor-widget-text-editor\" data-id=\"c9cb4b5\" data-element_type=\"widget\" data-widget_type=\"text-editor.default\">\n\t\t\t\t<div class=\"elementor-widget-container\">\n\t\t\t<style>\/*! elementor - v3.11.5 - 14-03-2023 *\/\n.elementor-widget-text-editor.elementor-drop-cap-view-stacked .elementor-drop-cap{background-color:#818a91;color:#fff}.elementor-widget-text-editor.elementor-drop-cap-view-framed .elementor-drop-cap{color:#818a91;border:3px solid;background-color:transparent}.elementor-widget-text-editor:not(.elementor-drop-cap-view-default) .elementor-drop-cap{margin-top:8px}.elementor-widget-text-editor:not(.elementor-drop-cap-view-default) .elementor-drop-cap-letter{width:1em;height:1em}.elementor-widget-text-editor .elementor-drop-cap{float:left;text-align:center;line-height:1;font-size:50px}.elementor-widget-text-editor .elementor-drop-cap-letter{display:inline-block}<\/style>\t\t\t\t<p><span style=\"font-style: inherit; font-weight: inherit; letter-spacing: 0px;\">Mario\u2019s Transport je novovzniknut\u00e1 modern\u00e1 spolo\u010dnos\u0165 zaoberaj\u00faca sa n\u00e1kladnou dopravou, ktor\u00e1 sa venuje poskytovaniu spo\u013eahliv\u00fdch a efekt\u00edvnych dopravn\u00fdch rie\u0161en\u00ed. Ne\u00fanavne pracujeme na tom, aby v\u00e1\u0161 tovar dorazil v\u010das a vo v\u00fdbornom stave.&nbsp;<\/span><\/p>\n<p>V spolo\u010dnosti Mario\u2019s Transport, pon\u00fakame cel\u00fd rad prepravn\u00fdch slu\u017eieb, ktor\u00e9 uspokoja r\u00f4znorod\u00e9 potreby na\u0161ich klientov. Dodr\u017eiavame tie\u017e pr\u00edsne bezpe\u010dnostn\u00e9 normy aby sme zaistili bezpe\u010dn\u00fa prepravu v\u00e1\u0161ho tovaru.<\/p>\n<p>Na\u0161\u00edm cie\u013eom v\u010dasn\u00e9ho dodania a v\u00fdnimo\u010dn\u00fdm z\u00e1kazn\u00edckym servisom sa m\u00f4\u017eete spo\u013eahn\u00fa\u0165 na Mario\u2019s Transport, \u017ee zvl\u00e1dne v\u0161etky va\u0161e potreby kami\u00f3novej dopravy.&nbsp;<\/p>\t\t\t\t\t\t<\/div>\n\t\t\t\t<\/div>\n\t\t\t\t\t<\/div>\n\t\t<\/div>\n\t\t\t\t\t\t\t<\/div>\n\t\t<\/section>\n\t\t\t\t\t\t\t<\/div>\n\t\t","protected":false},"excerpt":{"rendered":"<p>O N\u00c1S Mario\u2019s Transport je novovzniknut\u00e1 modern\u00e1 spolo\u010dnos\u0165 zaoberaj\u00faca sa n\u00e1kladnou dopravou, ktor\u00e1 sa venuje poskytovaniu spo\u013eahliv\u00fdch a efekt\u00edvnych dopravn\u00fdch rie\u0161en\u00ed. Ne\u00fanavne pracujeme na tom, aby v\u00e1\u0161 tovar dorazil v\u010das a vo v\u00fdbornom stave.&nbsp; V spolo\u010dnosti Mario\u2019s Transport, pon\u00fakame cel\u00fd rad prepravn\u00fdch slu\u017eieb, ktor\u00e9 uspokoja r\u00f4znorod\u00e9 potreby na\u0161ich klientov. Dodr\u017eiavame tie\u017e pr\u00edsne bezpe\u010dnostn\u00e9 normy aby &hellip;<\/p>\n<p class=\"read-more\"> <a class=\"\" href=\"https:\/\/www.mariostransport.sk\/?page_id=1216\"> <span class=\"screen-reader-text\">O N\u00c1S<\/span> Pokra\u010dovat ve \u010dten\u00ed &raquo;<\/a><\/p>\n","protected":false},"author":1,"featured_media":0,"parent":0,"menu_order":0,"comment_status":"closed","ping_status":"closed","template":"","meta":{"site-sidebar-layout":"no-sidebar","site-content-layout":"page-builder","ast-global-header-display":"","ast-main-header-display":"","ast-hfb-above-header-display":"","ast-hfb-below-header-display":"","ast-hfb-mobile-header-display":"","site-post-title":"disabled","ast-breadcrumbs-content":"","ast-featured-img":"disabled","footer-sml-layout":"","theme-transparent-header-meta":"","adv-header-id-meta":"","stick-header-meta":"","header-above-stick-meta":"","header-main-stick-meta":"","header-below-stick-meta":"","footnotes":""},"class_list":["post-1216","page","type-page","status-publish","hentry"],"_links":{"self":[{"href":"https:\/\/www.mariostransport.sk\/index.php?rest_route=\/wp\/v2\/pages\/1216","targetHints":{"allow":["GET"]}}],"collection":[{"href":"https:\/\/www.mariostransport.sk\/index.php?rest_route=\/wp\/v2\/pages"}],"about":[{"href":"https:\/\/www.mariostransport.sk\/index.php?rest_route=\/wp\/v2\/types\/page"}],"author":[{"embeddable":true,"href":"https:\/\/www.mariostransport.sk\/index.php?rest_route=\/wp\/v2\/users\/1"}],"replies":[{"embeddable":true,"href":"https:\/\/www.mariostransport.sk\/index.php?rest_route=%2Fwp%2Fv2%2Fcomments&post=1216"}],"version-history":[{"count":24,"href":"https:\/\/www.mariostransport.sk\/index.php?rest_route=\/wp\/v2\/pages\/1216\/revisions"}],"predecessor-version":[{"id":1377,"href":"https:\/\/www.mariostransport.sk\/index.php?rest_route=\/wp\/v2\/pages\/1216\/revisions\/1377"}],"wp:attachment":[{"href":"https:\/\/www.mariostransport.sk\/index.php?rest_route=%2Fwp%2Fv2%2Fmedia&parent=1216"}],"curies":[{"name":"wp","href":"https:\/\/api.w.org\/{rel}","templated":true}]}}